- 3*o - 144. Suppose -k = 3*k - 688. Let i = k - 82. Calculate the highest common factor of i and d.
18
Let s = -28 - -50. Suppose 3*k + w - 25 - s = 0, -2*k + 2*w = -26. Calculate the greatest common factor of k and 6.
3
Let f(i) = -i**3 + 3*i**2 + 2*i + 2. Let v be f(4). Let d be (v/(-4))/(9/84). Suppose -3*n = n - 224. What is the greatest common divisor of n and d?
14
Suppose -6*a = -5*a - 27. What is the highest common divisor of a and 297?
27
Let n(k) = 76*k - 1. Let u be n(1). Let z = -12 - -7. Let j = 35 + z. Calculate the greatest common divisor of j and u.
15
Let v = 30 - 6. Let q be 9/(-2)*(-16)/6. Suppose q = -2*p + 4*p. Calculate the highest common divisor of v and p.
6
Let a(f) = f - 4. Let p be a(9). Suppose -2*s + 10 = -y, -5*s - p*y = -0*y - 10. What is the highest common factor of 2 and s?
2
Let l = 79 + -31. Suppose -w - 3 = -15. What is the greatest common factor of l and w?
12
Let m(s) = -2*s + 1. Let p be m(-10). Let g = -7 + p. What is the greatest common divisor of g and 2?
2
Suppose -4*i + 0*s - 4*s + 76 = 0, i + 3*s - 25 = 0. Suppose 2*c - 3*j = 4*c - i, 0 = 5*c + 2*j - 51. What is the highest common factor of 55 and c?
11
Let u(d) = -d**2 - d. Suppose 5*a - 2 = 13. Let w be u(a). Let s = w + 27. What is the highest common factor of 165 and s?
15
Suppose 3*x - 2*u = -2, -3*x - 6*u - 22 = -4*u. Let i be (2/x)/(2/(-4)). Calculate the greatest common divisor of i and 2.
1
Let m = 185 - 86. Let s(l) = 2*l**2 + 4*l + 3. Let d be s(-3). Suppose 2 = x - d. What is the greatest common divisor of x and m?
11
Let d(y) = 11*y**2 + 7*y**3 - 4 - 9*y - 1 - 8*y**3. Let f be d(10). Suppose -w + 43 + 133 = 5*m, f*w = -m + 16. What is the highest common factor of m and 4?
4
Let m be (0 - (-6)/(-6))*-209. Calculate the highest common divisor of m and 19.
19
Suppose -h + 92 = -2*n, 6*n + 92 = h + 2*n. Calculate the greatest common factor of h and 23.
23
Let p = 20 - -102. Suppose -l - x + 24 = -9, -4*l + p = 2*x. What is the greatest common factor of 42 and l?
14
Let o(x) = x**2 - 9*x + 17. Let h be o(9). What is the greatest common factor of 119 and h?
17
Let l be (66/14 - 3)*77. Calculate the greatest common divisor of 12 and l.
12
Let h(s) = s**3 + 12*s**2 - s - 15. Let y be h(-12). Let q(f) = -f**3 + 5*f**2 + 4*f + 5. Let v be q(y). Calculate the highest common divisor of 13 and v.
13
Suppose 5*s - 21 = -6. Let z = -29 - 6. Let r = -14 - z. What is the greatest common factor of r and s?
3
Suppose 0*j - 36 = 3*j + w, 4*j + 48 = -5*w. Let a be (-352)/j + 2/3. Calculate the greatest common factor of 12 and a.
6
Let l(d) = 3*d - 1. Let p be l(1). Let k be (-8)/(-16) - (-6)/(-4). Let b = k + 19. What is the greatest common factor of p and b?
2
Let v be 16/(-6)*9/(-4). Let h(n) be the first derivative of n**4/2 - n**3 - n**2 + 3*n - 1. Let m be h(3). Calculate the highest common divisor of m and v.
6
Let o be (-65)/(-2) + 3/(-6). Let g = 17 - 1. Calculate the greatest common divisor of o and g.
16
Let q = -16 + 49. Calculate the greatest common divisor of 3 and q.
3
Let f = 39 - 21. Calculate the highest common divisor of 12 and f.
6
Suppose 0 = -4*c + 5*c + 3. Let w(x) = -3*x - 3. Let m be w(c). Calculate the highest common divisor of 18 and m.
6
Let v be 1/3 - 15/(-9). Suppose -v*r - 5 = -3*r. Suppose -4 = r*p - 54. What is the highest common divisor of p and 110?
10
Suppose -2*r - 4*m = -68, -2 = -3*m - 11. Calculate the highest common divisor of 8 and r.
8
Suppose -u + 9 - 2 = -3*b, -4*u + 5*b + 42 = 0. Let i be ((-12)/18)/((-4)/78). What is the greatest common divisor of i and u?
13
Let i(j) = -j**3 + 10*j**2 + 15*j + 5. Let d be i(11). Calculate the highest common divisor of 539 and d.
49
Suppose 0 = -5*r - 20, -3*i = -0*i + 3*r + 3. Let f be (2/(-6))/(i/(-153)). Calculate the greatest common factor of 119 and f.
17
Suppose x + 3 = 3*m - 30, 5*x = 3*m - 45. Let t be 72/(-30) + 4/m. Let c be t/5 - 72/(-5). What is the highest common factor of 35 and c?
7
Let t = -65 - -137. What is the highest common factor of t and 8?
8
Let a be (-1 - -3) + 0 - -66. Suppose -8*d + a = -4*d. Let p(m) = m**3 - 3*m**2 - 7*m + 2. Let o be p(5). What is the highest common divisor of d and o?
17
Suppose 3*u + 2*u = -5. Let m = 1 + u. Suppose -4*v - 5*x = -m*x - 68, 0 = -3*v - 3*x + 51. Calculate the highest common divisor of v and 17.
17
Let y be 12/30 - (-34)/(-10). Let j = y - -7. Suppose 2*i - j*i = -48. Calculate the highest common factor of i and 60.
12
Suppose 0 = -2*z + 3 + 1. Suppose 3*g = -3*u + 75, z*u = -2*g - 3*g + 140. What is the highest common factor of g and 12?
6
Let u be 172/14 - 2/7. Suppose 4*s - 61 = -3*k - s, -5*k + 2*s = -50. Suppose u = 4*m - k. What is the highest common factor of 2 and m?
2
Let h = 40 + 75. Calculate the highest common divisor of 46 and h.
23
Suppose 5*t = 113 + 142. Suppose 2*i = -0*i + 4*q + 78, -5*q = -5*i + 185. Suppose i = 2*c + 1. Calculate the highest common factor of t and c.
17
Suppose -36 = -5*u + 39. What is the highest common divisor of u and 6?
3
Let z(k) = 12*k - 9. Let v = -5 + -3. Let h be z(v). Let l = 150 + h. Calculate the highest common divisor of l and 30.
15
Let d = -31 + 86. Let n(r) = 2*r - 4. Let j be n(4). Suppose 10 + 34 = j*p. What is the greatest common divisor of d and p?
11
Suppose 0 = 2*d - 5*z - 410, 0*z = -2*z. Calculate the highest common divisor of d and 41.
41
Suppose -24*y = -21*y + 12. Let h be (-3850)/(-14)*y/(-10). Let t = 35 - 25. Calculate the greatest common factor of h and t.
10
Suppose 140 = 3*f - 0*f - 2*k, 0 = 2*f - 3*k - 90. Let r = 90 - f. What is the greatest common factor of 14 and r?
14
Suppose -54 = -r + y + 3*y, 2*y - 160 = -5*r. What is the greatest common divisor of 51 and r?
17
Let r = -5 - -12. Let y be 31/r - (-6)/(-14). Suppose -4*t + 9*t = 5*c - 85, -3*t = 3*c - 45. Calculate the greatest common factor of c and y.
4
Suppose 3*f = g + 55, 0*f - 239 = 5*g - 3*f. Let i = -31 - g. Let b(s) = s**3 - 8*s**2 - 6*s - 5. Let h be b(10). What is the greatest common factor of i and h?
15
Let w = 9 - 5. What is the greatest common divisor of 44 and w?
4
Suppose -5*o - 49 + 184 = 0. What is the greatest common factor of o and 216?
27
Let l(h) = h**3 - 2*h**2 + 2*h + 2. Let y be l(2). Calculate the greatest common divisor of y and 24.
6
Suppose b + 5*m = 133, b + 4*m = 2*m + 118. Let o be -3 + (4 - (-2 + 1)). Suppose -o*h + 13 = -11. What is the greatest common divisor of h and b?
12
Let l(i) = 2*i**2 - 3*i + 20. Let d be l(10). What is the highest common factor of d and 38?
38
Suppose k - 3*i = -10, 5*i - 16 = i. Suppose -2*p + 46 = 4*t, -k*t + 7*t + 2*p = 57. Calculate the greatest common divisor of t and 11.
11
Suppose -3*c + 3 + 24 = -5*f, -2*c = -f - 11. Let s = -23 + 75. Suppose o - s = -c. Calculate the greatest common divisor of 32 and o.
16
Let j be 1 - (-1 + (1 - 2)). Suppose -4*i + 4*c + 10 = -2*i, 8 = 4*c. What is the greatest common divisor of j and i?
3
Let c = 1 + 3. Suppose c*b - 5 = 3*b. Let w = b - -7. Calculate the greatest common divisor of 4 and w.
4
Let v = 231 + -143. Suppose -3*l = 4*f - l - 44, -5*f + 4*l = -55. Calculate the greatest common factor of f and v.
11
Suppose d - 3*f + 16 = 144, -2*d + 228 = f. What is the greatest common factor of d and 29?
29
Suppose 0 = -j + 8 + 1. Suppose -8*c - 11 = -j*c. What is the highest common divisor of 99 and c?
11
Suppose -2*j + 5*j = 18. Calculate the greatest common factor of j and 6.
6
Let m = -1 + 39. Let u = m - 20. What is the greatest common factor of 9 and u?
9
Let r(b) = 2*b - 2. Let k be r(5). Calculate the greatest common divisor of k and 8.
8
Suppose 0*l - 6 = 3*l, 3*x + 2*l = 80. Calculate the greatest common factor of 14 and x.
14
Let p = 16 - -164. Calculate the greatest common factor of 45 and p.
45
Suppose 264 + 212 = 7*c. What is the greatest common factor of 34 and c?
34
Let x(j) = 19*j - 11. Let l be x(11). Let v = -15 + 51. Suppose 3*s + v = 5*s. What is the highest common factor of l and s?
18
Let r(q) = q**3 + 12*q**2 + 9*q - 16. Let a be r(-11). What is the greatest common factor of 18 and a?
6
Let y(l) = 4*l. Let d be y(1). Suppose -4*g = -3*g - 6. Suppose 0 = -7*f + d*f + g. What is the greatest common factor of 8 and f?
2
Suppose -5*w + 0*w + 10 = 0. Suppose -v - v + w 